{"id":650,"date":"2023-11-30T07:46:20","date_gmt":"2023-11-30T06:46:20","guid":{"rendered":"https:\/\/webinar-med.pl\/paafis\/zamowienie\/"},"modified":"2025-12-09T15:50:27","modified_gmt":"2025-12-09T14:50:27","slug":"zamowienie","status":"publish","type":"page","link":"https:\/\/webinar-med.pl\/paafis\/zamowienie\/","title":{"rendered":"Zam\u00f3wienie"},"content":{"rendered":"<div class=\"vce-row-container\"><div class=\"vce-row vce-row--col-gap-30 z300 vce-row-no-paddings vce-row-equal-height vce-row-content--top\" data-vce-full-width=\"true\" data-vce-stretch-content=\"true\" vce-box-shadow=\"el-1b9ecc68\" id=\"el-1b9ecc68\" data-vce-do-apply=\"all el-1b9ecc68\"><div class=\"vce-content-background-container\"><\/div><div class=\"vce-row-content\" data-vce-element-content=\"true\"><div class=\"vce-col vce-col--md-auto vce-col--xs-1 vce-col--xs-last vce-col--xs-first vce-col--sm-last vce-col--sm-first vce-col--md-last vce-col--lg-last vce-col--xl-last vce-col--md-first vce-col--lg-first vce-col--xl-first\" id=\"el-32dce261\"><div class=\"vce-col-inner\" data-vce-do-apply=\"border margin background  el-32dce261\"><div class=\"vce-col-content\" data-vce-element-content=\"true\" data-vce-do-apply=\"padding el-32dce261\"><div class=\"vce-single-image-container vce-single-image--align-center\"><div class=\"vce vce-single-image-wrapper\" id=\"el-671e5f79\" data-vce-do-apply=\"all el-671e5f79\"><figure><div class=\"vce-single-image-figure-inner\" style=\"width: 1980px;\"><div class=\"vce-single-image-inner vce-single-image--absolute\" style=\"width: 100%; padding-bottom: 37.4747%;\"><img decoding=\"async\" class=\"vce-single-image\" src=\"https:\/\/webinar-med.pl\/paafis\/wp-content\/uploads\/2025\/09\/Slider_BG.webp\" data-img-src=\"https:\/\/webinar-med.pl\/paafis\/wp-content\/uploads\/2025\/09\/Slider_BG.webp\" data-attachment-id=\"1721\" alt=\"\" title=\"Slider_BG\"><\/div><\/div><figcaption hidden=\"\"><\/figcaption><\/figure><\/div><\/div><\/div><\/div><\/div><\/div><\/div><\/div><div class=\"vce-row-container\" data-vce-boxed-width=\"true\"><div class=\"vce-row vce-row--col-gap-30 vce-row-equal-height vce-row-content--top\" id=\"el-b4c8f649\" data-vce-do-apply=\"all el-b4c8f649\"><div class=\"vce-content-background-container\"><\/div><div class=\"vce-row-content\" data-vce-element-content=\"true\"><div class=\"vce-col vce-col--md-auto vce-col--xs-1 vce-col--xs-last vce-col--xs-first vce-col--sm-last vce-col--sm-first vce-col--md-last vce-col--lg-last vce-col--xl-last vce-col--md-first vce-col--lg-first vce-col--xl-first\" id=\"el-b27b6334\"><div class=\"vce-col-inner\" data-vce-do-apply=\"border margin background  el-b27b6334\"><div class=\"vce-col-content\" data-vce-element-content=\"true\" data-vce-do-apply=\"padding el-b27b6334\"><div class=\"vce-text-block\"><div class=\"vce-text-block-wrapper vce\" id=\"el-7fd63463\" data-vce-do-apply=\"all el-7fd63463\"><h2 style=\"text-align: center;\">REGISTRATION&nbsp; \/&nbsp; REJESTRACJA<\/h2><hr><p style=\"text-align: center;\">To complete your registration, please fill out the registration form below.<br>(W celu doko\u0144czenia rejestracji, prosimy wype\u0142ni\u0107 formularz poni\u017cej)<\/p><\/div><\/div><\/div><\/div><\/div><\/div><\/div><\/div><div class=\"vce-row-container\" data-vce-boxed-width=\"true\"><div class=\"vce-row vce-row--col-gap-30 vce-row-equal-height vce-row-content--top\" id=\"el-9eabc27c\" data-vce-do-apply=\"all el-9eabc27c\"><div class=\"vce-content-background-container\"><\/div><div class=\"vce-row-content\" data-vce-element-content=\"true\"><div class=\"vce-col vce-col--md-auto vce-col--xs-1 vce-col--xs-last vce-col--xs-first vce-col--sm-last vce-col--sm-first vce-col--md-last vce-col--lg-last vce-col--xl-last vce-col--md-first vce-col--lg-first vce-col--xl-first\" id=\"el-4eba657e\"><div class=\"vce-col-inner\" data-vce-do-apply=\"border margin background  el-4eba657e\"><div class=\"vce-col-content\" data-vce-element-content=\"true\" data-vce-do-apply=\"padding el-4eba657e\"><div class=\"vce vce-separator-container vce-separator--align-center vce-separator--style-dotted\" id=\"el-37a32e38\" data-vce-do-apply=\"margin el-37a32e38\"><div class=\"vce-separator vce-separator--color-bfc0c1 vce-separator--width-60 vce-separator--thickness-3\" data-vce-do-apply=\"border padding background  el-37a32e38\"><\/div><\/div><div class=\"vce-shortcode\"><div class=\"vce-shortcode-wrapper vce\" id=\"el-d9c559f2\" data-vce-do-apply=\"all el-d9c559f2\"><div class=\"woocommerce\"><\/div><\/div><\/div><\/div><\/div><\/div><\/div><\/div><\/div>\n","protected":false},"excerpt":{"rendered":"<p>REGISTRATION&nbsp; \/&nbsp; REJESTRACJATo complete your registration, please fill out the registration form below.(W celu doko\u0144czenia rejestracji, prosimy wype\u0142ni\u0107 formularz poni\u017cej)<\/p>\n","protected":false},"author":1,"featured_media":0,"parent":0,"menu_order":0,"comment_status":"closed","ping_status":"closed","template":"","meta":{"_monsterinsights_skip_tracking":false,"_monsterinsights_sitenote_active":false,"_monsterinsights_sitenote_note":"","_monsterinsights_sitenote_category":0,"site-sidebar-layout":"default","site-content-layout":"","ast-site-content-layout":"default","site-content-style":"default","site-sidebar-style":"default","ast-global-header-display":"","ast-banner-title-visibility":"","ast-main-header-display":"","ast-hfb-above-header-display":"","ast-hfb-below-header-display":"","ast-hfb-mobile-header-display":"","site-post-title":"","ast-breadcrumbs-content":"","ast-featured-img":"","footer-sml-layout":"","theme-transparent-header-meta":"","adv-header-id-meta":"","stick-header-meta":"","header-above-stick-meta":"","header-main-stick-meta":"","header-below-stick-meta":"","astra-migrate-meta-layouts":"default","ast-page-background-enabled":"default","ast-page-background-meta":{"desktop":{"background-color":"var(--ast-global-color-4)","background-image":"","background-repeat":"repeat","background-position":"center center","background-size":"auto","background-attachment":"scroll","background-type":"","background-media":"","overlay-type":"","overlay-color":"","overlay-opacity":"","overlay-gradient":""},"tablet":{"background-color":"","background-image":"","background-repeat":"repeat","background-position":"center center","background-size":"auto","background-attachment":"scroll","background-type":"","background-media":"","overlay-type":"","overlay-color":"","overlay-opacity":"","overlay-gradient":""},"mobile":{"background-color":"","background-image":"","background-repeat":"repeat","background-position":"center center","background-size":"auto","background-attachment":"scroll","background-type":"","background-media":"","overlay-type":"","overlay-color":"","overlay-opacity":"","overlay-gradient":""}},"ast-content-background-meta":{"desktop":{"background-color":"var(--ast-global-color-5)","background-image":"","background-repeat":"repeat","background-position":"center center","background-size":"auto","background-attachment":"scroll","background-type":"","background-media":"","overlay-type":"","overlay-color":"","overlay-opacity":"","overlay-gradient":""},"tablet":{"background-color":"var(--ast-global-color-5)","background-image":"","background-repeat":"repeat","background-position":"center center","background-size":"auto","background-attachment":"scroll","background-type":"","background-media":"","overlay-type":"","overlay-color":"","overlay-opacity":"","overlay-gradient":""},"mobile":{"background-color":"var(--ast-global-color-5)","background-image":"","background-repeat":"repeat","background-position":"center center","background-size":"auto","background-attachment":"scroll","background-type":"","background-media":"","overlay-type":"","overlay-color":"","overlay-opacity":"","overlay-gradient":""}},"footnotes":""},"class_list":["post-650","page","type-page","status-publish","hentry"],"acf":[],"yoast_head":"<!-- This site is optimized with the Yoast SEO plugin v27.3 - https:\/\/yoast.com\/product\/yoast-seo-wordpress\/ -->\n<title>Zam\u00f3wienie - XII International PAAFIS Symposium 2026<\/title>\n<meta name=\"robots\" content=\"index, follow, max-snippet:-1, max-image-preview:large, max-video-preview:-1\" \/>\n<link rel=\"canonical\" href=\"https:\/\/webinar-med.pl\/paafis\/zamowienie\/\" \/>\n<meta property=\"og:locale\" content=\"en_US\" \/>\n<meta property=\"og:type\" content=\"article\" \/>\n<meta property=\"og:title\" content=\"Zam\u00f3wienie - XII International PAAFIS Symposium 2026\" \/>\n<meta property=\"og:description\" content=\"REGISTRATION&nbsp; \/&nbsp; REJESTRACJATo complete your registration, please fill out the registration form below.(W celu doko\u0144czenia rejestracji, prosimy wype\u0142ni\u0107 formularz poni\u017cej)\" \/>\n<meta property=\"og:url\" content=\"https:\/\/webinar-med.pl\/paafis\/zamowienie\/\" \/>\n<meta property=\"og:site_name\" content=\"XII International PAAFIS Symposium 2026\" \/>\n<meta property=\"article:modified_time\" content=\"2025-12-09T14:50:27+00:00\" \/>\n<meta name=\"twitter:card\" content=\"summary_large_image\" \/>\n<script type=\"application\/ld+json\" class=\"yoast-schema-graph\">{\"@context\":\"https:\\\/\\\/schema.org\",\"@graph\":[{\"@type\":\"WebPage\",\"@id\":\"https:\\\/\\\/webinar-med.pl\\\/paafis\\\/zamowienie\\\/\",\"url\":\"https:\\\/\\\/webinar-med.pl\\\/paafis\\\/zamowienie\\\/\",\"name\":\"Zam\u00f3wienie - XII International PAAFIS Symposium 2026\",\"isPartOf\":{\"@id\":\"https:\\\/\\\/webinar-med.pl\\\/paafis\\\/#website\"},\"datePublished\":\"2023-11-30T06:46:20+00:00\",\"dateModified\":\"2025-12-09T14:50:27+00:00\",\"breadcrumb\":{\"@id\":\"https:\\\/\\\/webinar-med.pl\\\/paafis\\\/zamowienie\\\/#breadcrumb\"},\"inLanguage\":\"en-US\",\"potentialAction\":[{\"@type\":\"ReadAction\",\"target\":[\"https:\\\/\\\/webinar-med.pl\\\/paafis\\\/zamowienie\\\/\"]}]},{\"@type\":\"BreadcrumbList\",\"@id\":\"https:\\\/\\\/webinar-med.pl\\\/paafis\\\/zamowienie\\\/#breadcrumb\",\"itemListElement\":[{\"@type\":\"ListItem\",\"position\":1,\"name\":\"Strona g\u0142\u00f3wna\",\"item\":\"https:\\\/\\\/webinar-med.pl\\\/paafis\\\/\"},{\"@type\":\"ListItem\",\"position\":2,\"name\":\"Zam\u00f3wienie\"}]},{\"@type\":\"WebSite\",\"@id\":\"https:\\\/\\\/webinar-med.pl\\\/paafis\\\/#website\",\"url\":\"https:\\\/\\\/webinar-med.pl\\\/paafis\\\/\",\"name\":\"XII International PAAFIS Symposium 2026\",\"description\":\"23-25 September 2026\",\"publisher\":{\"@id\":\"https:\\\/\\\/webinar-med.pl\\\/paafis\\\/#organization\"},\"potentialAction\":[{\"@type\":\"SearchAction\",\"target\":{\"@type\":\"EntryPoint\",\"urlTemplate\":\"https:\\\/\\\/webinar-med.pl\\\/paafis\\\/?s={search_term_string}\"},\"query-input\":{\"@type\":\"PropertyValueSpecification\",\"valueRequired\":true,\"valueName\":\"search_term_string\"}}],\"inLanguage\":\"en-US\"},{\"@type\":\"Organization\",\"@id\":\"https:\\\/\\\/webinar-med.pl\\\/paafis\\\/#organization\",\"name\":\"XII International PAAFIS Symposium 2026\",\"url\":\"https:\\\/\\\/webinar-med.pl\\\/paafis\\\/\",\"logo\":{\"@type\":\"ImageObject\",\"inLanguage\":\"en-US\",\"@id\":\"https:\\\/\\\/webinar-med.pl\\\/paafis\\\/#\\\/schema\\\/logo\\\/image\\\/\",\"url\":\"https:\\\/\\\/webinar-med.pl\\\/paafis\\\/wp-content\\\/uploads\\\/2023\\\/06\\\/logo_webinarmed.webp\",\"contentUrl\":\"https:\\\/\\\/webinar-med.pl\\\/paafis\\\/wp-content\\\/uploads\\\/2023\\\/06\\\/logo_webinarmed.webp\",\"width\":345,\"height\":90,\"caption\":\"XII International PAAFIS Symposium 2026\"},\"image\":{\"@id\":\"https:\\\/\\\/webinar-med.pl\\\/paafis\\\/#\\\/schema\\\/logo\\\/image\\\/\"}}]}<\/script>\n<!-- \/ Yoast SEO plugin. -->","yoast_head_json":{"title":"Zam\u00f3wienie - XII International PAAFIS Symposium 2026","robots":{"index":"index","follow":"follow","max-snippet":"max-snippet:-1","max-image-preview":"max-image-preview:large","max-video-preview":"max-video-preview:-1"},"canonical":"https:\/\/webinar-med.pl\/paafis\/zamowienie\/","og_locale":"en_US","og_type":"article","og_title":"Zam\u00f3wienie - XII International PAAFIS Symposium 2026","og_description":"REGISTRATION&nbsp; \/&nbsp; REJESTRACJATo complete your registration, please fill out the registration form below.(W celu doko\u0144czenia rejestracji, prosimy wype\u0142ni\u0107 formularz poni\u017cej)","og_url":"https:\/\/webinar-med.pl\/paafis\/zamowienie\/","og_site_name":"XII International PAAFIS Symposium 2026","article_modified_time":"2025-12-09T14:50:27+00:00","twitter_card":"summary_large_image","schema":{"@context":"https:\/\/schema.org","@graph":[{"@type":"WebPage","@id":"https:\/\/webinar-med.pl\/paafis\/zamowienie\/","url":"https:\/\/webinar-med.pl\/paafis\/zamowienie\/","name":"Zam\u00f3wienie - XII International PAAFIS Symposium 2026","isPartOf":{"@id":"https:\/\/webinar-med.pl\/paafis\/#website"},"datePublished":"2023-11-30T06:46:20+00:00","dateModified":"2025-12-09T14:50:27+00:00","breadcrumb":{"@id":"https:\/\/webinar-med.pl\/paafis\/zamowienie\/#breadcrumb"},"inLanguage":"en-US","potentialAction":[{"@type":"ReadAction","target":["https:\/\/webinar-med.pl\/paafis\/zamowienie\/"]}]},{"@type":"BreadcrumbList","@id":"https:\/\/webinar-med.pl\/paafis\/zamowienie\/#breadcrumb","itemListElement":[{"@type":"ListItem","position":1,"name":"Strona g\u0142\u00f3wna","item":"https:\/\/webinar-med.pl\/paafis\/"},{"@type":"ListItem","position":2,"name":"Zam\u00f3wienie"}]},{"@type":"WebSite","@id":"https:\/\/webinar-med.pl\/paafis\/#website","url":"https:\/\/webinar-med.pl\/paafis\/","name":"XII International PAAFIS Symposium 2026","description":"23-25 September 2026","publisher":{"@id":"https:\/\/webinar-med.pl\/paafis\/#organization"},"potentialAction":[{"@type":"SearchAction","target":{"@type":"EntryPoint","urlTemplate":"https:\/\/webinar-med.pl\/paafis\/?s={search_term_string}"},"query-input":{"@type":"PropertyValueSpecification","valueRequired":true,"valueName":"search_term_string"}}],"inLanguage":"en-US"},{"@type":"Organization","@id":"https:\/\/webinar-med.pl\/paafis\/#organization","name":"XII International PAAFIS Symposium 2026","url":"https:\/\/webinar-med.pl\/paafis\/","logo":{"@type":"ImageObject","inLanguage":"en-US","@id":"https:\/\/webinar-med.pl\/paafis\/#\/schema\/logo\/image\/","url":"https:\/\/webinar-med.pl\/paafis\/wp-content\/uploads\/2023\/06\/logo_webinarmed.webp","contentUrl":"https:\/\/webinar-med.pl\/paafis\/wp-content\/uploads\/2023\/06\/logo_webinarmed.webp","width":345,"height":90,"caption":"XII International PAAFIS Symposium 2026"},"image":{"@id":"https:\/\/webinar-med.pl\/paafis\/#\/schema\/logo\/image\/"}}]}},"_links":{"self":[{"href":"https:\/\/webinar-med.pl\/paafis\/wp-json\/wp\/v2\/pages\/650","targetHints":{"allow":["GET"]}}],"collection":[{"href":"https:\/\/webinar-med.pl\/paafis\/wp-json\/wp\/v2\/pages"}],"about":[{"href":"https:\/\/webinar-med.pl\/paafis\/wp-json\/wp\/v2\/types\/page"}],"author":[{"embeddable":true,"href":"https:\/\/webinar-med.pl\/paafis\/wp-json\/wp\/v2\/users\/1"}],"replies":[{"embeddable":true,"href":"https:\/\/webinar-med.pl\/paafis\/wp-json\/wp\/v2\/comments?post=650"}],"version-history":[{"count":15,"href":"https:\/\/webinar-med.pl\/paafis\/wp-json\/wp\/v2\/pages\/650\/revisions"}],"predecessor-version":[{"id":1795,"href":"https:\/\/webinar-med.pl\/paafis\/wp-json\/wp\/v2\/pages\/650\/revisions\/1795"}],"wp:attachment":[{"href":"https:\/\/webinar-med.pl\/paafis\/wp-json\/wp\/v2\/media?parent=650"}],"curies":[{"name":"wp","href":"https:\/\/api.w.org\/{rel}","templated":true}]}}