{"id":28,"date":"2026-04-10T05:25:29","date_gmt":"2026-04-10T05:25:29","guid":{"rendered":"https:\/\/webinar-med.pl\/otylosc\/?page_id=28"},"modified":"2026-04-16T05:29:46","modified_gmt":"2026-04-16T05:29:46","slug":"rejestracja","status":"publish","type":"page","link":"https:\/\/webinar-med.pl\/otylosc\/rejestracja\/","title":{"rendered":"Rejestracja"},"content":{"rendered":"<div class=\"vce-row-container\"><div class=\"vce-row vce-row--col-gap-30 vce-row-no-paddings vce-row-equal-height vce-row-content--top\" data-vce-full-width=\"true\" data-vce-stretch-content=\"true\" vce-box-shadow=\"el-448e9de2\" id=\"el-448e9de2\" data-vce-do-apply=\"all el-448e9de2\"><div class=\"vce-content-background-container\"><\/div><div class=\"vce-row-content\" data-vce-element-content=\"true\"><div class=\"vce-col vce-col--md-auto vce-col--xs-1 vce-col--xs-last vce-col--xs-first vce-col--sm-last vce-col--sm-first vce-col--md-last vce-col--lg-last vce-col--xl-last vce-col--md-first vce-col--lg-first vce-col--xl-first\" id=\"el-24225bde\"><div class=\"vce-col-inner\" data-vce-do-apply=\"border margin background  el-24225bde\"><div class=\"vce-col-content\" data-vce-element-content=\"true\" data-vce-do-apply=\"padding el-24225bde\"><div class=\"vce-single-image-container vce-single-image--align-center\"><div class=\"vce vce-single-image-wrapper\" id=\"el-32b68dc1\" data-vce-do-apply=\"all el-32b68dc1\"><figure><div class=\"vce-single-image-figure-inner\" style=\"width: 2560px;\"><div class=\"vce-single-image-inner vce-single-image--absolute\" style=\"width: 100%; padding-bottom: 22.3438%;\"><img decoding=\"async\" class=\"vce-single-image\" src=\"https:\/\/webinar-med.pl\/otylosc\/wp-content\/uploads\/2026\/04\/KV_Web_slim-3-scaled.webp\" data-img-src=\"https:\/\/webinar-med.pl\/otylosc\/wp-content\/uploads\/2026\/04\/KV_Web_slim-3-scaled.webp\" data-attachment-id=\"153\" alt=\"\" title=\"KV_Web_slim\"><\/div><\/div><figcaption hidden=\"\"><\/figcaption><\/figure><\/div><\/div><\/div><\/div><\/div><\/div><\/div><\/div><div class=\"vce-row-container\" data-vce-boxed-width=\"true\"><div class=\"vce-row vce-row--col-gap-30 vce-row-equal-height vce-row-content--top\" id=\"el-ee86841c\" data-vce-do-apply=\"all el-ee86841c\"><div class=\"vce-row-content\" data-vce-element-content=\"true\"><div class=\"vce-col vce-col--md-auto vce-col--xs-1 vce-col--xs-last vce-col--xs-first vce-col--sm-last vce-col--sm-first vce-col--md-last vce-col--lg-last vce-col--xl-last vce-col--md-first vce-col--lg-first vce-col--xl-first\" id=\"el-ed68ec1b\"><div class=\"vce-col-inner\" data-vce-do-apply=\"border margin background  el-ed68ec1b\"><div class=\"vce-col-content\" data-vce-element-content=\"true\" data-vce-do-apply=\"padding el-ed68ec1b\"><div class=\"vce-shortcode\"><div class=\"vce-shortcode-wrapper vce\" id=\"el-8a320196\" data-vce-do-apply=\"all el-8a320196\">\t\t<div class=\"sspm-box sspm-box--register\">\n\t\t\t\t\t\t<h2 class=\"sspm-box__title\">Rejestracja uczestnika<\/h2>\n\n\t\t\t<form class=\"sspm-form\" method=\"post\" action=\"https:\/\/webinar-med.pl\/otylosc\/wp-admin\/admin-post.php\">\n\t\t\t\t<input type=\"hidden\" name=\"action\" value=\"sspm_register\">\n\t\t\t\t<input type=\"hidden\" name=\"sspm_redirect\" value=\"https:\/\/webinar-med.pl\/otylosc\/rejestracja\/\">\n\t\t\t\t<input type=\"hidden\" id=\"sspm_register_nonce\" name=\"sspm_register_nonce\" value=\"b12cd03030\" \/><input type=\"hidden\" name=\"_wp_http_referer\" value=\"\/otylosc\/wp-json\/wp\/v2\/pages\/28\" \/>\n\t\t\t\t<div class=\"sspm-grid\">\n\t\t\t\t\t<p class=\"sspm-field\">\n\t\t\t\t\t\t<label for=\"sspm_first_name\">Imi\u0119 *<\/label>\n\t\t\t\t\t\t<input id=\"sspm_first_name\" type=\"text\" name=\"first_name\" required>\n\t\t\t\t\t<\/p>\n\n\t\t\t\t\t<p class=\"sspm-field\">\n\t\t\t\t\t\t<label for=\"sspm_last_name\">Nazwisko *<\/label>\n\t\t\t\t\t\t<input id=\"sspm_last_name\" type=\"text\" name=\"last_name\" required>\n\t\t\t\t\t<\/p>\n\t\t\t\t<\/div>\n\n\t\t\t\t<div class=\"sspm-grid\">\n\t\t\t\t\t<p class=\"sspm-field\">\n\t\t\t\t\t\t<label for=\"sspm_academic_title\">Tytu\u0142 naukowy<\/label>\n\t\t\t\t\t\t<input id=\"sspm_academic_title\" type=\"text\" name=\"academic_title\" placeholder=\"np. dr n. med., prof. dr hab.\">\n\t\t\t\t\t<\/p>\n\n\t\t\t\t\t<p class=\"sspm-field\">\n\t\t\t\t\t\t<label for=\"sspm_specialization\">Specjalizacja<\/label>\n\t\t\t\t\t\t<input id=\"sspm_specialization\" type=\"text\" name=\"specialization\" placeholder=\"np. diabetologia, chirurgia bariatryczna\">\n\t\t\t\t\t<\/p>\n\t\t\t\t<\/div>\n\n\t\t\t\t<p class=\"sspm-field\">\n\t\t\t\t\t<label for=\"sspm_workplace\">Miejsce pracy<\/label>\n\t\t\t\t\t<input id=\"sspm_workplace\" type=\"text\" name=\"workplace\" placeholder=\"np. nazwa kliniki, szpitala lub gabinetu\">\n\t\t\t\t<\/p>\n\n\t\t\t\t<div class=\"sspm-grid\">\n\t\t\t\t\t<p class=\"sspm-field\">\n\t\t\t\t\t\t<label for=\"sspm_email\">E-mail *<\/label>\n\t\t\t\t\t\t<input id=\"sspm_email\" type=\"email\" name=\"email\" required>\n\t\t\t\t\t<\/p>\n\n\t\t\t\t\t<p class=\"sspm-field\">\n\t\t\t\t\t\t<label for=\"sspm_phone\">Telefon *<\/label>\n\t\t\t\t\t\t<input id=\"sspm_phone\" type=\"text\" name=\"phone\" required>\n\t\t\t\t\t<\/p>\n\t\t\t\t<\/div>\n\n\t\t\t\t<div class=\"sspm-grid\">\n\t\t\t\t\t<p class=\"sspm-field\">\n\t\t\t\t\t\t<label for=\"sspm_pwz\">Numer PWZ *<\/label>\n\t\t\t\t\t\t<input id=\"sspm_pwz\" type=\"text\" name=\"pwz\" inputmode=\"numeric\" pattern=\"[0-9]{7}\" maxlength=\"7\" required>\n\t\t\t\t\t<\/p>\n\n\t\t\t\t\t<p class=\"sspm-field\">\n\t\t\t\t\t\t<label for=\"sspm_birth_date\">Data urodzenia *<\/label>\n\t\t\t\t\t\t<input id=\"sspm_birth_date\" type=\"date\" name=\"birth_date\" required>\n\t\t\t\t\t<\/p>\n\t\t\t\t<\/div>\n\n\t\t\t\t<div class=\"sspm-grid\">\n\t\t\t\t\t<p class=\"sspm-field\">\n\t\t\t\t\t\t<label for=\"sspm_password\">Has\u0142o *<\/label>\n\t\t\t\t\t\t<input id=\"sspm_password\" type=\"password\" name=\"password\" minlength=\"8\" required>\n\t\t\t\t\t<\/p>\n\n\t\t\t\t\t<p class=\"sspm-field\">\n\t\t\t\t\t\t<label for=\"sspm_password_confirm\">Powt\u00f3rz has\u0142o *<\/label>\n\t\t\t\t\t\t<input id=\"sspm_password_confirm\" type=\"password\" name=\"password_confirm\" minlength=\"8\" required>\n\t\t\t\t\t<\/p>\n\t\t\t\t<\/div>\n\n\t\t\t\t<p class=\"sspm-check\">\n\t\t\t\t\t<label>\n\t\t\t\t\t\t<input type=\"checkbox\" name=\"consent_required\" value=\"1\" required>\n\t\t\t\t\t\t<span>(wymagane) Wyra\u017cam zgod\u0119 na przetwarzanie danych osobowych podanych w formularzu rejestracyjnym dla potrzeb realizacji szkolenia i przetwarzania ich przez DG Eventsfactory, ul. Lipowa 41a\/10, 62-100 W\u0105growiec, NIP 766 109 70 00; SANS SOUCI, Damian Gruszczy\u0144ski, Ewa Maza sj. ul. Zakr\u0119t 16, 60-351 Pozna\u0144, NIP: 7792443773, zgodnie z Rozporz\u0105dzeniem Parlamentu Europejskiego i Rady Europy nr. 2016\/679 z dnia 27 kwietnia 2016 roku w sprawie ochrony os\u00f3b fizycznych w zwi\u0105zku z przetwarzaniem danych osobowych i w sprawie swobodnego przep\u0142ywu takich danych oraz uchylenia dyrektywy 95\/46\/WE (og\u00f3lne rozporz\u0105dzenie o ochronie danych).<\/span>\n\t\t\t\t\t<\/label>\n\t\t\t\t<\/p>\n\n\t\t\t\t<p class=\"sspm-check\">\n\t\t\t\t\t<label>\n\t\t\t\t\t\t<input type=\"checkbox\" name=\"consent_marketing\" value=\"1\">\n\t\t\t\t\t\t<span>Wyra\u017cam zgod\u0119 na przetwarzanie danych osobowych podanych w formularzu rejestracyjnym w celach marketingowych i promocyjnych przez DG Eventsfactory, ul. Lipowa 41a\/10, 62-100 W\u0105growiec, NIP 766 109 70 00; SANS SOUCI, Damian Gruszczy\u0144ski, Ewa Maza sj. ul. Zakr\u0119t 16, 60-351 Pozna\u0144, NIP: 7792443773, zgodnie z Rozporz\u0105dzeniem Parlamentu Europejskiego i Rady Europy nr. 2016\/679 z dnia 27 kwietnia 2016 roku w sprawie ochrony os\u00f3b fizycznych w zwi\u0105zku z przetwarzaniem danych osobowych i w sprawie swobodnego przep\u0142ywu takich danych oraz uchylenia dyrektywy 95\/46\/WE (og\u00f3lne rozporz\u0105dzenie o ochronie danych)<\/span>\n\t\t\t\t\t<\/label>\n\t\t\t\t<\/p>\n\n\t\t\t\t<p class=\"sspm-actions\">\n\t\t\t\t\t<button class=\"sspm-button\" type=\"submit\">Za\u0142\u00f3\u017c konto<\/button>\n\t\t\t\t<\/p>\n\t\t\t<\/form>\n\t\t<\/div>\n\t\t<\/div><\/div><\/div><\/div><\/div><\/div><\/div><\/div>\n","protected":false},"excerpt":{"rendered":"","protected":false},"author":1,"featured_media":0,"parent":0,"menu_order":0,"comment_status":"closed","ping_status":"closed","template":"","meta":{"footnotes":""},"class_list":["post-28","page","type-page","status-publish","hentry"],"_links":{"self":[{"href":"https:\/\/webinar-med.pl\/otylosc\/wp-json\/wp\/v2\/pages\/28","targetHints":{"allow":["GET"]}}],"collection":[{"href":"https:\/\/webinar-med.pl\/otylosc\/wp-json\/wp\/v2\/pages"}],"about":[{"href":"https:\/\/webinar-med.pl\/otylosc\/wp-json\/wp\/v2\/types\/page"}],"author":[{"embeddable":true,"href":"https:\/\/webinar-med.pl\/otylosc\/wp-json\/wp\/v2\/users\/1"}],"replies":[{"embeddable":true,"href":"https:\/\/webinar-med.pl\/otylosc\/wp-json\/wp\/v2\/comments?post=28"}],"version-history":[{"count":5,"href":"https:\/\/webinar-med.pl\/otylosc\/wp-json\/wp\/v2\/pages\/28\/revisions"}],"predecessor-version":[{"id":156,"href":"https:\/\/webinar-med.pl\/otylosc\/wp-json\/wp\/v2\/pages\/28\/revisions\/156"}],"wp:attachment":[{"href":"https:\/\/webinar-med.pl\/otylosc\/wp-json\/wp\/v2\/media?parent=28"}],"curies":[{"name":"wp","href":"https:\/\/api.w.org\/{rel}","templated":true}]}}